150. Give f(15).
3315
Let z(o) = 69*o + 314. Determine z(-38).
-2308
Let j(p) = p**2 - 316*p - 1469. Determine j(-7).
792
Let c(r) = r**3 + 378*r**2 + 7896*r + 22790. What is c(-356)?
6
Let s(p) = 2*p**3 - 264*p**2 - 158*p + 20854. What is s(132)?
-2
Let v(r) = -4*r**2 - 269*r - 603. Calculate v(-62).
699
Let s(b) = -b**3 + 35*b**2 - 63*b + 564. What is s(35)?
-1641
Let o(u) = 1539*u**3 + 9*u**2 - 144*u + 138. Give o(1).
1542
Let q(p) = 9*p**2 + 1703*p - 2438. What is q(-191)?
618
Let k(q) = 226*q + 2194. Calculate k(-9).
160
Let w(k) = -3729*k + 48450. Determine w(13).
-27
Let b(j) = -j**3 + 66*j**2 + 343*j - 222. What is b(71)?
-1074
Let w(f) = 9835*f - 855653. Determine w(87).
-8
Let m(n) = 55*n**2 - 627*n - 4. What is m(12)?
392
Let n(h) = 4*h**3 - 27*h**2 - 37*h + 121. Calculate n(8).
145
Let s(v) = 37*v**3 - 9*v**2 - 194*v - 619. Determine s(-3).
-1117
Let q(m) = 19044*m + 3. Calculate q(0).
3
Let b(q) = 1807451*q - 9037263. What is b(5)?
-8
Let o(u) = 14*u**3 - 138*u**2 + 140*u - 1493. Give o(10).
107
Let v(p) = 1114*p + 118023. Calculate v(-106).
-61
Let l(p) = 77185*p - 7486945. Calculate l(97).
0
Let d(h) = 3018*h - 434595. Calculate d(144).
-3
Let m(x) = 11*x + 591. Give m(-42).
129
Let j(h) = -4*h**3 - 154*h**2 - 422*h + 6474. Calculate j(-34).
14
Let a(y) = 341*y + 1194. Calculate a(2).
1876
Let d(z) = -41226*z - 3256838. Give d(-79).
16
Let k(l) = -l**3 + 66*l**2 - 213*l + 659. What is k(63)?
-853
Let y(i) = 11*i**3 + 4*i**2 - 161*i - 816. Give y(-5).
-1286
Let o(m) = -88*m + 3197. What is o(38)?
-147
Let c(n) = -17*n**2 - 990*n - 10609. Give c(-14).
-81
Let c(h) = -2524*h + 517363. Calculate c(205).
-57
Let x(y) = -y**3 - 141*y**2 - 539*y + 997. Determine x(-137).
-236
Let y(z) = 6*z**3 - 1106*z**2 + 418*z - 9199. Determine y(184).
1
Let f(s) = -655*s + 95914. Determine f(151).
-2991
Let d(l) = l**3 - 121*l**2 + 44*l + 9402. Give d(120).
282
Let f(j) = -95*j**3 - 34394*j**2 - 1519*j - 25698. Calculate f(-362).
4
Let t(f) = -2*f**3 - 53*f**2 + 1018*f + 12016. Determine t(-36).
-8
Let f(m) = -232*m - 44378. Determine f(-191).
-66
Let k(m) = 6*m**3 + 1454*m**2 - 2292*m + 36099. Determine k(-244).
-13
Let g(b) = 7157*b - 42953. Give g(6).
-11
Let c(i) = -18742*i + 93687. What is c(5)?
-23
Let f(p) = p**3 - 53*p**2 - 5759*p + 308072. Calculate f(54).
2
Let s(a) = -40*a**2 + 281*a - 26. What is s(7)?
-19
Let m(n) = n**3 - 132*n**2 + 3515*n - 125. Determine m(37).
-125
Let u(n) = 4*n**3 - 32*n**2 + 103*n - 834. Determine u(8).
-10
Let q(r) = 4*r**3 + 2307*r**2 + 4011*r - 8012. Give q(-575).
38
Let v(x) = -x**3 + 194*x**2 + 1196*x + 803. What is v(200)?
3
Let n(d) = 15*d**2 - 67597*d - 202915. Calculate n(-3).
11
Let t(h) = -38574*h + 38485. Calculate t(1).
-89
Let o(f) = f**2 - 9156*f - 953657. Calculate o(-103).
20
Let c(y) = y**3 - 298*y**2 - 2455*y - 24. Determine c(-8).
32
Let z(p) = p**3 + 1606*p**2 + 2276*p - 1494933. What is z(-1604)?
-5
Let u(z) = z**2 + 6909*z + 48415. Calculate u(-7).
101
Let n(i) = -41*i + 2758. Calculate n(66).
52
Let m(o) = o**3 - 40*o**2 - 150*o + 384. Give m(-5).
9
Let s(j) = -4*j**3 + 1542*j**2 - 466*j - 117032. Determine s(385).
8
Let v(b) = 2*b**3 - 962*b**2 - 11836*b + 8. Determine v(-12).
56
Let y(t) = -677*t - 99498. Determine y(-147).
21
Let f(d) = d**3 + 28*d**2 + 57*d + 30. What is f(-16)?
2190
Let h(b) = -b**3 - 228*b**2 - 12785*b + 1907. Calculate h(-128).
-13
Let a(j) = j**3 + 21*j**2 - 89*j + 50. Give a(3).
-1
Let p(t) = 70*t**2 - 6025*t + 452. What is p(86)?
22
Let b(x) = x**2 - 228720*x - 59993289. Give b(-262).
-5
Let j(q) = -q**2 - 48*q + 3067. Give j(-85).
-78
Let h(b) = -9559*b + 19146. What is h(2)?
28
Let c(g) = -g**2 + 430303*g - 3872656. Give c(9).
-10
Let o(s) = -48925*s + 440305. Give o(9).
-20
Let r(k) = 28*k**3 - 243*k**2 + 109*k - 64. Determine r(8).
-408
Let d(j) = 43784*j + 481971. Give d(-11).
347
Let k(z) = -610*z + 51214. Give k(87).
-1856
Let y(a) = -2772*a**2 - 243988*a - 4569. What is y(-88)?
7
Let w(y) = -y**3 - 556*y**2 - 50*y + 280282. Give w(-555).
7
Let q(g) = 13*g**2 - 333*g - 2765. What is q(-6)?
-299
Let v(f) = -20*f**2 - 13824*f - 71340. What is v(-686)?
4
Let a(g) = -273*g - 1198. Determine a(-4).
-106
Let w(t) = t**3 - 30*t**2 + 96*t + 252. Give w(9).
-585
Let g(m) = -142*m - 2279. Determine g(-12).
-575
Let x(r) = 15*r**3 - 269*r**2 - 244*r + 4071. Calculate x(18).
3
Let t(z) = 20*z**2 + 254*z - 1374. Calculate t(4).
-38
Let z(m) = -m**2 + 1625*m - 8155. What is z(5)?
-55
Let m(r) = -52*r**2 - 1593*r - 8282. Calculate m(-24).
-2
Let z(f) = 19*f**2 - 541*f + 1080. Determine z(2).
74
Let p(k) = -3*k**2 - 4863*k + 158674. Give p(32).
-14
Let f(v) = -6*v**2 + 720*v + 6146. What is f(-8)?
2
Let b(x) = 612*x - 40234. Give b(66).
158
Let c(r) = 23439*r - 328154. Determine c(14).
-8
Let s(a) = a**3 + 19*a**2 + 214*a + 3527. Give s(-18).
-1
Let j(i) = 116*i**2 - 564*i - 2264. Give j(-4).
1848
Let j(p) = -p**2 - 295*p - 19001. What is j(-95)?
-1
Let u(y) = -7655*y - 23139. Calculate u(-3).
-174
Let c(p) = -402*p**3 - 6*p**2 + 54*p - 54. What is c(1)?
-408
Let c(q) = q**3 + 54*q**2 + 339*q + 34. Give c(-7).
-36
Let f(y) = y**3 - 164*y**2 - 1286*y - 131. Calculate f(-8).
-851
Let m(u) = u**3 + 42*u**2 + 26*u - 1609. Determine m(0).
-1609
Let d(w) = -5*w**2 + 271*w - 1674. What is d(6)?
-228
Let v(j) = 2*j**3 - 35*j**2 + 2045*j - 29542. Calculate v(15).
8
Let v(d) = -d**2 - 432*d + 5293. Determine v(12).
-35
Let h(b) = -b**3 - 102*b**2 - 97*b - 1134. What is h(-101)?
-1538
Let n(c) = c**3 + 46*c**2 + 399*c + 18. Calculate n(-34).
324
Let k(z) = 2*z**3 - 37*z**2 + 15570*z - 279884. Determine k(18).
52
Let s(r) = -2919*r + 110905. Determine s(38).
-17
Let a(u) = -1038*u - 2836. What is a(-3)?
278
Let v(k) = 91476*k + 9604982. What is v(-105)?
2
Let k(v) = -333*v + 4544. Determine k(15).
-451
Let x(c) = 161327*c + 4355824. Calculate x(-27).
-5
Let t(p) = -p**3 + 32*p**2 + 157*p + 296. Calculate t(35).
2116
Let v(i) = 43499*i - 304505. Calculate v(7).
-12
Let l(j) = -125402*j + 6520905. What is l(52)?
1
Let z(l) = -l**2 - 2513*l + 634004. Determine z(231).
140
Let t(d) = 340*d - 3623. What is t(11)?
117
Let r(p) = -p**2 + 536*p - 34181. Calculate r(74).
7
Let f(u) = 70*u**3 + 3729*u**2 + 4632*u + 222. What is f(-52)?
14
Let o(x) = 2*x**3 - 113*x**2 + 814*x + 99. Determine o(48).
3
Let l(c) = -189743*c + 189700. What is l(1)?
-43
Let p(n) = -14215*n + 525953. What is p(37)?
-2
Let z(k) = -k**3 + 10*k**2 - 98*k + 69. Give z(0).
69
Let y(f) = 2238*f**2 - 24596*f - 244. Calculate y(11).
-2
Let a(p) = 26452*p + 1878103. What is a(-71)?
11
Let p(f) = f**3 - 29*f**2 - 571*f + 5071. Determine p(7).
-4
Let q(d) = 417*d**2 + 2092*d + 18. Determine q(-5).
-17
Let a(x) = 2*x**3 - 693*x**2 + 2768*x - 8. What is a(4)?
104
Let w(r) = r**3 + 61*r**2 + 596*r - 9748. Determine w(-40).
12
Let c(i) = 666*i - 8108. Give c(12).
-116
Let i(l) = -l**3 + 18*l**2 - 139*l + 768. Determine i(5).
398
Let s(f) = f**3 + 31*f**2 - 3065*f + 23. Give s(42).
65
Let k(f) = f**3 - 62*f**2 + 335*f + 96. Determine k(56).
40
Let q(d) = -357*d - 4024. Give q(-10).
-454
Let k(c) = 9*c**2 - 2240*c + 9026. Determine k(4).
210
Let z(d) = 655647*d - 3933889. Determine z(6).
-7
Let c(v) = -11*v**2 + 322*v - 12. What is c(29)?
75
Let p(y) = -6583*y + 59153. Determine p(9).
-94
Let q(c) = -c - 762. Calculate q(-74).
-688
Let z(f) = 106*f + 9579. Give z(-93).
-279
Let k(o) = -598*o - 57434. Determine k(-96).
-26
Let u(w) = 21464*w - 107215. Determine u(5).
105
Let l(y) = -7*y**2 + 1591*y + 2713. Determine l(229).
-35
Let y(t) = -t**3 + 320*t**2 - 1020*t + 21982. Calculate y(317).
109
Let l(k) = -354*k - 6253. What is l(-12)?
-2005
Let a(t) = -233*t - 745. Calculate a(-2).
-279
Let i(x) = -x**3 - 70*x**2 - 544*x - 38065. Give i(-70).
15
Let r(n) = 3*n**2 - 595*n + 11992. Determine r(170).
-2458
Let l(t) = 160*t**2 + 35839*t - 225. What is l(-224)?
-1
Let b(l) = -10231*l + 40881. Give b(4).
-43
Let j(q) = 106*q**2 - 2664*q - 2363. What is j(26)?
29
Let b(r) = 22*r**2 + 356*r - 172. Give b(-16).
-236
Let s(r) = 6951*r - 277967. Determine s(40).
73
Let z(c) = -3*c**2 + 2364*c - 423945. Determine z(512).
-9
Let o(s) = s**3 - 74*s**2 - 707*s - 339. Calculate o(-8).
69
Let r(y) = -21*y**3 - 671*y**2 - 53*y - 2709. Give r(-32